{"id":140,"date":"2020-04-06T16:56:11","date_gmt":"2020-04-06T14:56:11","guid":{"rendered":"https:\/\/pilotbenito.wordpress.com\/?page_id=140"},"modified":"2025-01-22T12:07:24","modified_gmt":"2025-01-22T12:07:24","slug":"fia","status":"publish","type":"page","link":"https:\/\/www.ftonord.de\/?page_id=140","title":{"rendered":"FI(A) Flight Instructor"},"content":{"rendered":"\n<p class=\"has-small-font-size\">Die <strong>FI (A)<\/strong>, die <strong>\u201cLehrberechtigung<\/strong> <strong>f\u00fcr Pilot:innen (Flugzeug)\u201d<\/strong> nach Teil-FCL, ist eine europaweit g\u00fcltige und in vielen anderen Staaten anerkannte Lizenz zum Ausbilden von Pilot:innen. <\/p>\n\n\n\n<p class=\"has-small-font-size\">Nach Abschluss der Ausbildung zur\/zum Lehrberechtigten tr\u00e4gt dein Lizenzeintrag w\u00e4hrend der ersten 100 Ausbildungsstunden den Titel FI(RP). Die Abk\u00fcrzung steht f\u00fcr \u201eRestricted Privileges\u201c. Du musst in dieser Zeit unter Aufsicht einer daf\u00fcr berechtigten Person Flugausbildung durchf\u00fchren. Im Anschluss darfst due als Lehrberechtigte\/r frei an einer ATO zun\u00e4chst PPL(A) schulen.<\/p>\n\n\n\n<h5>Ausbildungsablauf<\/h5>\n\n\n\n<p class=\"has-small-font-size\">Diese Ausbildung besteht aus Theorie und Praxis. Die Theoriestunden werden in unseren R\u00e4umen in der FTO Nord in Hamburg durchgef\u00fchrt. Den n\u00e4chsten Start-Termin kannst du unserem <a href=\"https:\/\/www.ftonord.de\/wp-content\/uploads\/2025\/01\/kalender-2025.pdf\" target=\"_blank\" rel=\"noreferrer noopener\">Ausbildungskalender <\/a>entnehmen. <\/p>\n\n\n\n<p class=\"has-small-font-size\">Die praktische Ausbildung findet auf dem Flugzeugmuster C172 am Verkehrsflughafen L\u00fcbeck EDHL statt. Der Flugbetrieb findet wochentags wie auch an Wochenenden durchgehend statt.<\/p>\n\n\n\n<h5>Die Ausbildungsvoraussetzungen:<\/h5>\n\n\n\n<ul class=\"has-small-font-size\"><li>Mindestalter 18 Jahre<\/li><li>G\u00fcltige CPL(A) oder<\/li><li>G\u00fcltige PPL(A) mit 200h Flugerfahrung und 150h PIC und 300NM VFR-Dreieck<\/li><li>Flieger\u00e4rztliches Tauglichkeitszeugnis mind. Klasse II<\/li><li>FAER \/ Fahreignungsregister Auszug<\/li><\/ul>\n\n\n\n<p class=\"has-small-font-size\">Die genauen Details erf\u00e4hrst du bei der Anmeldung in der FTO Nord<\/p>\n\n\n\n<h5>Preise: <strong>Melde dich bei uns f\u00fcr einen aktuellen Preis.<\/strong><\/h5>\n\n\n\n<div class=\"wp-block-group\"><div class=\"wp-block-group__inner-container\">\n<p class=\"has-small-font-size\">Je nach individuellem Ausbildungsstand k\u00f6nnen noch weitere Kosten und Ausbildungsabschnitte anfallen, bis der erste Flugsch\u00fcler mit dir abheben darf. <\/p>\n<\/div><\/div>\n\n\n\n<hr class=\"wp-block-separator is-style-wide\"\/>\n\n\n\n<h3 class=\"has-text-align-center\"> FI(A) f\u00fcr PPL(A) ? Jetzt geht es erst los \u2026<\/h3>\n\n\n\n<div class=\"wp-block-columns alignwide has-3-columns\">\n<div class=\"wp-block-column\">\n<blockquote class=\"wp-block-quote is-style-default has-small-font-size\"><p><strong><strong>FI(A) f\u00fcr die CPL(A)-Ausbildung<\/strong><\/strong><\/p><p>&#8211; 500h of flight time<br>&#8211; 200h of flight instruction<\/p><cite>Part-FCL.905.FI(d)<\/cite><\/blockquote>\n\n\n\n<blockquote class=\"wp-block-quote is-style-default has-small-font-size\"><p><strong>FI(A) f\u00fcr die Nachtflugqualifikation<\/strong><\/p><p>&#8211; qualified to fly at night<br>&#8211; has demonstrated the ability to instruct at night<\/p><cite>Part-FCL.905.FI(e)<\/cite><\/blockquote>\n<\/div>\n\n\n\n<div class=\"wp-block-column\">\n<blockquote class=\"wp-block-quote is-style-default has-small-font-size\"><p><strong><strong>FI(A) f\u00fcr die FI(A)-Ausbildung<\/strong><\/strong><\/p><p>&#8211; 500 hours of flight instruction<br>&#8211; demonstrate to a Flight Instructor Examiner (FIE) the ability to instruct for the FI certificate;<\/p><cite>Part-FCL.905.FI(i)<\/cite><\/blockquote>\n<\/div>\n\n\n\n<div class=\"wp-block-column\">\n<blockquote class=\"wp-block-quote is-style-default has-small-font-size\"><p><strong><strong>FI(A) f\u00fcr die IR(A)-Ausbildung<\/strong><\/strong><\/p><p>&#8211; 200 hours of IFR flight time <br>&#8211; completed as a student pilot the IRI training course and has passed an assessment of competence for the IRI certificate<\/p><cite>Part-FCL.905.FI(g)<\/cite><\/blockquote>\n<\/div>\n<\/div>\n\n\n\n<hr class=\"wp-block-separator aligncenter is-style-wide\"\/>\n\n\n\n<div class=\"wp-block-buttons is-content-justification-center\">\n<div class=\"wp-block-button\"><a class=\"wp-block-button__link has-secondary-background-color has-background\" href=\"https:\/\/www.ftonord.de\/?page_id=452\">Zur\u00fcck zur \u00dcbersicht<\/a><\/div>\n\n\n\n<div class=\"wp-block-button\"><a class=\"wp-block-button__link has-secondary-background-color has-background\" href=\"#\">Zur\u00fcck nach oben<\/a><\/div>\n\n\n\n<div class=\"wp-block-button\"><a class=\"wp-block-button__link has-secondary-background-color has-background\" href=\"https:\/\/www.ftonord.de\/?page_id=8\">In Kontakt treten<\/a><\/div>\n<\/div>\n\n\n\n<hr class=\"wp-block-separator aligncenter is-style-wide\"\/>\n","protected":false},"excerpt":{"rendered":"<p>Die FI (A), die \u201cLehrberechtigung f\u00fcr Pilot:innen (Flugzeug)\u201d nach Teil-FCL, ist eine europaweit g\u00fcltige und in vielen anderen Staaten anerkannte Lizenz zum Ausbilden von Pilot:innen. Nach Abschluss der Ausbildung zur\/zum Lehrberechtigten tr\u00e4gt dein Lizenzeintrag w\u00e4hrend der ersten 100 Ausbildungsstunden den Titel FI(RP). Die Abk\u00fcrzung steht f\u00fcr \u201eRestricted Privileges\u201c. Du musst in dieser Zeit unter Aufsicht [&hellip;]<\/p>\n","protected":false},"author":2,"featured_media":0,"parent":452,"menu_order":6,"comment_status":"closed","ping_status":"closed","template":"","meta":{"spay_email":""},"_links":{"self":[{"href":"https:\/\/www.ftonord.de\/index.php?rest_route=\/wp\/v2\/pages\/140"}],"collection":[{"href":"https:\/\/www.ftonord.de\/index.php?rest_route=\/wp\/v2\/pages"}],"about":[{"href":"https:\/\/www.ftonord.de\/index.php?rest_route=\/wp\/v2\/types\/page"}],"author":[{"embeddable":true,"href":"https:\/\/www.ftonord.de\/index.php?rest_route=\/wp\/v2\/users\/2"}],"replies":[{"embeddable":true,"href":"https:\/\/www.ftonord.de\/index.php?rest_route=%2Fwp%2Fv2%2Fcomments&post=140"}],"version-history":[{"count":12,"href":"https:\/\/www.ftonord.de\/index.php?rest_route=\/wp\/v2\/pages\/140\/revisions"}],"predecessor-version":[{"id":3851,"href":"https:\/\/www.ftonord.de\/index.php?rest_route=\/wp\/v2\/pages\/140\/revisions\/3851"}],"up":[{"embeddable":true,"href":"https:\/\/www.ftonord.de\/index.php?rest_route=\/wp\/v2\/pages\/452"}],"wp:attachment":[{"href":"https:\/\/www.ftonord.de\/index.php?rest_route=%2Fwp%2Fv2%2Fmedia&parent=140"}],"curies":[{"name":"wp","href":"https:\/\/api.w.org\/{rel}","templated":true}]}}