{"id":152,"date":"2020-04-06T16:56:03","date_gmt":"2020-04-06T14:56:03","guid":{"rendered":"https:\/\/pilotbenito.wordpress.com\/?page_id=152"},"modified":"2025-04-07T06:06:21","modified_gmt":"2025-04-07T06:06:21","slug":"nachtflug","status":"publish","type":"page","link":"https:\/\/www.ftonord.de\/?page_id=152","title":{"rendered":"Nachtflugberechtigung"},"content":{"rendered":"\n<p class=\"has-small-font-size\">Mit der  <strong>\u201cNachtflugberechtigung  (Flugzeug)\u201d<\/strong> erweiterst du die Zeit, in der du deine T\u00e4tigkeit als Pilot, ganz gleich ob LAPL(A)\/PPL(A)\/CPL(A)\/IR(A)\/FI(A), aus\u00fcbst, um die Nacht. Genauer gesagt darfst du dann nach Sonnenuntergang mit Ende der b\u00fcrgerlichen D\u00e4mmerung bis zum Beginn der n\u00e4chsten b\u00fcrgerlichen D\u00e4mmerung, also bis nach Sonnenaufgang, fliegen.<\/p>\n\n\n\n<h5>Ausbildungsablauf<\/h5>\n\n\n\n<p class=\"has-small-font-size\">Du kannst die Ausbildung jederzeit beginnen. Allerdings bietet sich der Fr\u00fchling \/ Herbst besonders an, da dort die Nacht fr\u00fcher beginnt und nicht mit den Flughafen\u00f6ffnungszeiten kollidiert und somit keine Extrakosten (PPR) anfallen. <\/p>\n\n\n\n<p class=\"has-small-font-size\">Die Theoriestunden werden in unseren R\u00e4umen in der FTO Nord in Hamburg nach individueller Vereinbarung festgesetzt. <\/p>\n\n\n\n<p class=\"has-small-font-size\">Die praktische Ausbildung von 5h beinhaltet vor allem das Landetraining mit und ohne Lehrer. Der Flugbetrieb findet wochentags wie auch an Wochenenden durchgehend statt.<\/p>\n\n\n\n<h5>Die Ausbildungsvoraussetzungen:<\/h5>\n\n\n\n<ul class=\"has-small-font-size\"><li>G\u00fcltige Lizenz PPL(A) oder LAPL(A)<\/li><\/ul>\n\n\n\n<p class=\"has-small-font-size\">Die genauen Details erf\u00e4hrst du bei der Anmeldung in der FTO Nord.<\/p>\n\n\n\n<div class=\"wp-block-file\"><a href=\"https:\/\/www.ftonord.de\/wp-content\/uploads\/2025\/04\/Preisliste-NFQ-Mai-2025.pdf\">Preisliste als PDF<\/a><a href=\"https:\/\/www.ftonord.de\/wp-content\/uploads\/2025\/04\/Preisliste-NFQ-Mai-2025.pdf\" class=\"wp-block-file__button\" download>Herunterladen<\/a><\/div>\n\n\n\n<hr class=\"wp-block-separator aligncenter is-style-wide\"\/>\n\n\n\n<div class=\"wp-block-buttons is-content-justification-center\">\n<div class=\"wp-block-button\"><a class=\"wp-block-button__link has-secondary-background-color has-background\" href=\"https:\/\/www.ftonord.de\/?page_id=452\">Zur\u00fcck zur \u00dcbersicht<\/a><\/div>\n\n\n\n<div class=\"wp-block-button\"><a class=\"wp-block-button__link has-secondary-background-color has-background\" href=\"#\">Zur\u00fcck nach oben<\/a><\/div>\n\n\n\n<div class=\"wp-block-button\"><a class=\"wp-block-button__link has-secondary-background-color has-background\" href=\"https:\/\/www.ftonord.de\/?page_id=8\">In Kontakt treten<\/a><\/div>\n<\/div>\n\n\n\n<hr class=\"wp-block-separator aligncenter is-style-wide\"\/>\n\n\n\n<p><\/p>\n","protected":false},"excerpt":{"rendered":"<p>Mit der \u201cNachtflugberechtigung (Flugzeug)\u201d erweiterst du die Zeit, in der du deine T\u00e4tigkeit als Pilot, ganz gleich ob LAPL(A)\/PPL(A)\/CPL(A)\/IR(A)\/FI(A), aus\u00fcbst, um die Nacht. Genauer gesagt darfst du dann nach Sonnenuntergang mit Ende der b\u00fcrgerlichen D\u00e4mmerung bis zum Beginn der n\u00e4chsten b\u00fcrgerlichen D\u00e4mmerung, also bis nach Sonnenaufgang, fliegen. Ausbildungsablauf Du kannst die Ausbildung jederzeit beginnen. Allerdings [&hellip;]<\/p>\n","protected":false},"author":2,"featured_media":0,"parent":452,"menu_order":7,"comment_status":"closed","ping_status":"closed","template":"","meta":{"spay_email":""},"_links":{"self":[{"href":"https:\/\/www.ftonord.de\/index.php?rest_route=\/wp\/v2\/pages\/152"}],"collection":[{"href":"https:\/\/www.ftonord.de\/index.php?rest_route=\/wp\/v2\/pages"}],"about":[{"href":"https:\/\/www.ftonord.de\/index.php?rest_route=\/wp\/v2\/types\/page"}],"author":[{"embeddable":true,"href":"https:\/\/www.ftonord.de\/index.php?rest_route=\/wp\/v2\/users\/2"}],"replies":[{"embeddable":true,"href":"https:\/\/www.ftonord.de\/index.php?rest_route=%2Fwp%2Fv2%2Fcomments&post=152"}],"version-history":[{"count":8,"href":"https:\/\/www.ftonord.de\/index.php?rest_route=\/wp\/v2\/pages\/152\/revisions"}],"predecessor-version":[{"id":4381,"href":"https:\/\/www.ftonord.de\/index.php?rest_route=\/wp\/v2\/pages\/152\/revisions\/4381"}],"up":[{"embeddable":true,"href":"https:\/\/www.ftonord.de\/index.php?rest_route=\/wp\/v2\/pages\/452"}],"wp:attachment":[{"href":"https:\/\/www.ftonord.de\/index.php?rest_route=%2Fwp%2Fv2%2Fmedia&parent=152"}],"curies":[{"name":"wp","href":"https:\/\/api.w.org\/{rel}","templated":true}]}}