{"id":470,"date":"2020-04-28T14:44:38","date_gmt":"2020-04-28T12:44:38","guid":{"rendered":"https:\/\/pilotbenito.wordpress.com\/?page_id=470"},"modified":"2025-10-18T12:20:32","modified_gmt":"2025-10-18T12:20:32","slug":"vorbereitung-auf-screening-und-check-fluege","status":"publish","type":"page","link":"https:\/\/www.ftonord.de\/?page_id=470","title":{"rendered":"Vorbereitung auf Screenings und Checkfl\u00fcge"},"content":{"rendered":"\n<p class=\"has-small-font-size\">Als Betreiber eines FNPT II (DE-3A-080A\/B) bieten wir auch Simulatortraining f\u00fcr Screeningvorbereitungen, als Vorbereitung auf Checkfl\u00fcge und zum allgemeinen Training an. Die Flugzeugmuster sind generisch SEP und MEP und an eine Beech A36 und an eine Piper PA-34-220T angelehnt.<\/p>\n\n\n\n<p class=\"has-small-font-size\">Wir erstellen zusammen mit dir ein ma\u00dfgeschneidertes Programm, um dich optimal auf die bevorstehende Pr\u00fcfung bzw. dein Screening oder deinen Checkflug zielorientiert vorzubereiten.<\/p>\n\n\n\n<p class=\"has-small-font-size\">Unsere Lehrer sind allesamt Verkehrs- oder Berufspiloten mit langj\u00e4hriger Erfahrung als Lehrberechtigte f\u00fcr ein- und mehrmotorige Luftfahrzeuge unter VFR- und IFR-Bedingungen. <\/p>\n\n\n\n<h5>Ablauf<\/h5>\n\n\n\n<p class=\"has-small-font-size\">Du meldest dich bei uns zur Vereinbarung eines Termins und wirst in unseren gro\u00dfz\u00fcgig angelegten Schulungsr\u00e4umen zu einem Briefing entsprechend deiner W\u00fcnsche empfangen. Die n\u00f6tigen aktuellen Karten und Checklisten mailen wir dir auf Wunsch auch vorab zu. Somit kannst du dich schon vor dem Termin mit den aktuellen Gegebenheiten vertraut machen. Nach einer kurzen Pause wechselst du mit deinem Lehrer vom Briefingraum in den Simulator und fliegst das gebriefte Profil wie besprochen ab. Im Anschluss folgt ein ausf\u00fchrliches Debriefing. Das Debriefing ist pauschal bei jeder Simulatorbuchung enthalten.<\/p>\n\n\n\n<h5>Voraussetzungen:<\/h5>\n\n\n\n<ul class=\"has-small-font-size\"><li>Gute Laune<\/li><\/ul>\n\n\n\n<p class=\"has-small-font-size\">Die genauen Details erf\u00e4hrst du bei der Anmeldung in der FTO Nord<\/p>\n\n\n\n<div class=\"wp-block-group\"><div class=\"wp-block-group__inner-container\">\n<p><\/p>\n\n\n\n<figure class=\"wp-block-table is-style-stripes has-small-font-size\"><table><tbody><tr><td class=\"has-text-align-left\" data-align=\"left\"><strong>Simulatorsession (1h)<\/strong><\/td><td class=\"has-text-align-right\" data-align=\"right\"><strong><code>344,55 \u20ac<\/code><\/strong><\/td><\/tr><tr><td class=\"has-text-align-left\" data-align=\"left\">(darin enthaltene MwSt.)<\/td><td class=\"has-text-align-right\" data-align=\"right\">55,01 \u20ac<\/td><\/tr><\/tbody><\/table><\/figure>\n\n\n\n<p><\/p>\n<\/div><\/div>\n\n\n\n<hr class=\"wp-block-separator aligncenter is-style-wide\"\/>\n\n\n\n<div class=\"wp-block-buttons is-content-justification-center\">\n<div class=\"wp-block-button\"><a class=\"wp-block-button__link has-secondary-background-color has-background\" href=\"https:\/\/www.ftonord.de\/?page_id=452\">Zur\u00fcck zur \u00dcbersicht<\/a><\/div>\n\n\n\n<div class=\"wp-block-button\"><a class=\"wp-block-button__link has-secondary-background-color has-background\" href=\"#\">Zur\u00fcck nach oben<\/a><\/div>\n\n\n\n<div class=\"wp-block-button\"><a class=\"wp-block-button__link has-secondary-background-color has-background\" href=\"https:\/\/www.ftonord.de\/?page_id=8\">In Kontakt treten<\/a><\/div>\n<\/div>\n\n\n\n<hr class=\"wp-block-separator aligncenter is-style-wide\"\/>\n\n\n\n<p><\/p>\n","protected":false},"excerpt":{"rendered":"<p>Als Betreiber eines FNPT II (DE-3A-080A\/B) bieten wir auch Simulatortraining f\u00fcr Screeningvorbereitungen, als Vorbereitung auf Checkfl\u00fcge und zum allgemeinen Training an. Die Flugzeugmuster sind generisch SEP und MEP und an eine Beech A36 und an eine Piper PA-34-220T angelehnt. Wir erstellen zusammen mit dir ein ma\u00dfgeschneidertes Programm, um dich optimal auf die bevorstehende Pr\u00fcfung bzw. [&hellip;]<\/p>\n","protected":false},"author":2,"featured_media":0,"parent":452,"menu_order":11,"comment_status":"closed","ping_status":"closed","template":"","meta":{"spay_email":""},"_links":{"self":[{"href":"https:\/\/www.ftonord.de\/index.php?rest_route=\/wp\/v2\/pages\/470"}],"collection":[{"href":"https:\/\/www.ftonord.de\/index.php?rest_route=\/wp\/v2\/pages"}],"about":[{"href":"https:\/\/www.ftonord.de\/index.php?rest_route=\/wp\/v2\/types\/page"}],"author":[{"embeddable":true,"href":"https:\/\/www.ftonord.de\/index.php?rest_route=\/wp\/v2\/users\/2"}],"replies":[{"embeddable":true,"href":"https:\/\/www.ftonord.de\/index.php?rest_route=%2Fwp%2Fv2%2Fcomments&post=470"}],"version-history":[{"count":7,"href":"https:\/\/www.ftonord.de\/index.php?rest_route=\/wp\/v2\/pages\/470\/revisions"}],"predecessor-version":[{"id":5626,"href":"https:\/\/www.ftonord.de\/index.php?rest_route=\/wp\/v2\/pages\/470\/revisions\/5626"}],"up":[{"embeddable":true,"href":"https:\/\/www.ftonord.de\/index.php?rest_route=\/wp\/v2\/pages\/452"}],"wp:attachment":[{"href":"https:\/\/www.ftonord.de\/index.php?rest_route=%2Fwp%2Fv2%2Fmedia&parent=470"}],"curies":[{"name":"wp","href":"https:\/\/api.w.org\/{rel}","templated":true}]}}